{"id":40,"date":"2016-10-17T17:21:39","date_gmt":"2016-10-17T15:21:39","guid":{"rendered":"http:\/\/www.jamesandco.org\/sport-sante\/?page_id=40"},"modified":"2024-10-29T16:47:32","modified_gmt":"2024-10-29T15:47:32","slug":"qui-sommes-nous","status":"publish","type":"page","link":"https:\/\/www.jamesandco.org\/sport-sante\/qui-sommes-nous\/","title":{"rendered":"QUI SOMMES NOUS ?"},"content":{"rendered":"<section class=\"wpb-content-wrapper\"><p>[vc_row][vc_column css=\u00a0\u00bb.vc_custom_1566463098979{margin-right: 10% !important;margin-left: 10% !important;}\u00a0\u00bb][vc_masonry_media_grid element_width=\u00a0\u00bb3&Prime; item=\u00a0\u00bbmediaGrid_FadeInWithIcon\u00a0\u00bb grid_id=\u00a0\u00bbvc_gid:1730216811869-19af9e4c-5490-8&Prime; include=\u00a0\u00bb433&Prime;][vc_column_text css_animation=\u00a0\u00bbbottom-to-top\u00a0\u00bb]L\u2019association James sport sant\u00e9\u00a0regroupe des professionnels de la sant\u00e9 et de l\u2019\u00e9ducation physique.<br \/>\nJames sport sant\u00e9\u00a0s\u2019adresse \u00e0 toutes les personnes souhaitant pratiquer une activit\u00e9 physique.<\/p>\n<p>Cette \u00e9quipe pluridisciplinaire a pour objectif :<\/p>\n<ul class='dt-sc-fancy-list   arrow'>\n<li>D\u2019identifier les besoins de la personne en terme de conditions physiques ou de pathologies, afin d\u2019adapter la pratique.<\/li>\n<li>De proposer un large panel d\u2019activit\u00e9s physiques et de soins en vue d\u2019une prise en charge globale.<\/li>\n<li>D\u2019offrir des suivis personnalis\u00e9s avec des bilans r\u00e9guliers.<\/li>\n<li>De pratiquer une activit\u00e9 en toutes s\u00e9curit\u00e9.<\/li>\n<\/ul>\n<p>Notre association a pour objet de promouvoir la pratique physique comme moyen de pr\u00e9vention et de bien-\u00eatre.<br \/>\nNous regroupons des professionnels de l\u2019\u00e9ducation et de la sant\u00e9 qui agissent en collaboration.<\/p>\n<p>James sport\u00a0Sant\u00e9 s\u2019adresse \u00e0 toute personne dont l\u2019\u00e9tat de sant\u00e9 n\u00e9cessite :<\/p>\n<p>une suite de r\u00e9\u00e9ducation, un entretien musculaire ou articulaire, des douleurs chroniques, un travail d\u2019endurance cardio-pulmonaire, un accompagnement de perte de poids \u2026[\/vc_column_text][\/vc_column][\/vc_row][vc_row][vc_column][vc_custom_heading text=\u00a0\u00bbPlusieurs activit\u00e9s vous sont propos\u00e9es\u00a0\u00bb font_container=\u00a0\u00bbtag:h2|text_align:center|color:%23a6c93e\u00a0\u00bb google_fonts=\u00a0\u00bbfont_family:Lato%3A100%2C100italic%2C300%2C300italic%2Cregular%2Citalic%2C700%2C700italic%2C900%2C900italic|font_style:400%20regular%3A400%3Anormal\u00a0\u00bb][\/vc_column][\/vc_row][vc_row][vc_column][vc_tta_accordion][vc_tta_section title=\u00a0\u00bbJAMES\u00a0\u00bb tab_id=\u00a0\u00bb1481529648265-2569ac6b-3ec2&Prime;][vc_row_inner][vc_column_inner width=\u00a0\u00bb1\/2&Prime;][vc_single_image image=\u00a0\u00bb627&Prime; img_size=\u00a0\u00bbmedium\u00a0\u00bb alignment=\u00a0\u00bbcenter\u00a0\u00bb][\/vc_column_inner][vc_column_inner width=\u00a0\u00bb1\/2&Prime;][vc_column_text]<div class='dt-sc-colored-box space'  style='background:#333334;' ><h5><span class='fa fa-puzzle-piece'> <\/span>La m\u00e9thode JAMES<\/h5><p>Au cours d\u2019une m\u00eame s\u00e9ance le James vous propose un travail d\u2019endurance, de renforcement musculaire et de souplesse.\nApprenez \u00e0 g\u00e9rer votre effort.\nPerfectionnez vos gestes pour une meilleure efficacit\u00e9.\nPersonnalisez l\u2019intensit\u00e9 et le choix des exercices pour \u00e9viter les traumatismes.<\/p>\n<a href='https:\/\/www.jamesandco.org\/sport-sante\/james\/' target='_self'  class='dt-sc-button   small    '><span  data-hover='Plus de d\u00e9tails'>Plus de d\u00e9tails<\/span><\/a><\/div>[\/vc_column_text][\/vc_column_inner][\/vc_row_inner][\/vc_tta_section][vc_tta_section title=\u00a0\u00bbMULTISPORTS ENFANTS\u00a0\u00bb tab_id=\u00a0\u00bb1481529677775-a400df31-05fa\u00a0\u00bb][vc_row_inner][vc_column_inner width=\u00a0\u00bb1\/2&Prime;][vc_single_image image=\u00a0\u00bb627&Prime; img_size=\u00a0\u00bbmedium\u00a0\u00bb alignment=\u00a0\u00bbcenter\u00a0\u00bb][\/vc_column_inner][vc_column_inner width=\u00a0\u00bb1\/2&Prime;][vc_column_text]<div class='dt-sc-colored-box space'  style='background:#333334;' ><h5><span class='fa fa-puzzle-piece'> <\/span>Multisports ENFANTS<\/h5><p>Au cours de l\u2019ann\u00e9e les enfants pratiqueront des sports de raquette, des sports collectifs, et des sports individuels pour apprendre \u00e0 jouer ensemble<\/p>\n<a href='https:\/\/www.jamesandco.org\/sport-sante\/multisport-enfants\/' target='_self'  class='dt-sc-button   small    '><span  data-hover='Plus de d\u00e9tails'>Plus de d\u00e9tails<\/span><\/a><\/div>[\/vc_column_text][\/vc_column_inner][\/vc_row_inner][\/vc_tta_section][vc_tta_section title=\u00a0\u00bbGYM AQUATIQUE\u00a0\u00bb tab_id=\u00a0\u00bb1481529745174-419855e5-dfc9&Prime;][vc_row_inner][vc_column_inner width=\u00a0\u00bb1\/2&Prime;][vc_single_image image=\u00a0\u00bb473&Prime; img_size=\u00a0\u00bbmedium\u00a0\u00bb alignment=\u00a0\u00bbcenter\u00a0\u00bb style=\u00a0\u00bbvc_box_circle\u00a0\u00bb][\/vc_column_inner][vc_column_inner width=\u00a0\u00bb1\/2&Prime;][vc_column_text]<div class='dt-sc-colored-box space'  style='background:#333334;' ><h5><span class='fa fa-puzzle-piece'> <\/span>GYM AQUATIQUE<\/h5><p>L\u2019objectif des s\u00e9ances est de maintenir une bonne mobilit\u00e9 g\u00e9n\u00e9rale et la souplesse articulaire.<\/p>\n<a href='https:\/\/www.jamesandco.org\/sport-sante\/gym-aquatique\/' target='_self'  class='dt-sc-button   small    '><span  data-hover='Plus de d\u00e9tails'>Plus de d\u00e9tails<\/span><\/a><\/div>[\/vc_column_text][\/vc_column_inner][\/vc_row_inner][\/vc_tta_section][vc_tta_section title=\u00a0\u00bbHANDINATATION\u00a0\u00bb tab_id=\u00a0\u00bb1481529782469-987c3f42-a69d\u00a0\u00bb][vc_row_inner][vc_column_inner width=\u00a0\u00bb1\/2&Prime;][vc_single_image image=\u00a0\u00bb602&Prime; img_size=\u00a0\u00bbmedium\u00a0\u00bb alignment=\u00a0\u00bbcenter\u00a0\u00bb style=\u00a0\u00bbvc_box_circle_2&Prime;][\/vc_column_inner][vc_column_inner width=\u00a0\u00bb1\/2&Prime;][vc_column_text]<div class='dt-sc-colored-box space'  style='background:#333334;' ><h5><span class='fa fa-puzzle-piece'> <\/span>HANDINATATION<\/h5><p>S\u00e9ance de natation individuelle pour les enfants ou les adultes en situation de handicap<\/p>\n<a href='https:\/\/www.jamesandco.org\/sport-sante\/handinatation\/' target='_self'  class='dt-sc-button   small    '><span  data-hover='Plus de d\u00e9tails'>Plus de d\u00e9tails<\/span><\/a><\/div>[\/vc_column_text][\/vc_column_inner][\/vc_row_inner][\/vc_tta_section][vc_tta_section title=\u00a0\u00bbAVIRON SANTE\u00a0\u00bb tab_id=\u00a0\u00bb1481532649177-948bb2a6-ac88&Prime;][vc_row_inner][vc_column_inner width=\u00a0\u00bb1\/2&Prime;][vc_single_image image=\u00a0\u00bb419&Prime; img_size=\u00a0\u00bbmedium\u00a0\u00bb alignment=\u00a0\u00bbcenter\u00a0\u00bb][\/vc_column_inner][vc_column_inner width=\u00a0\u00bb1\/2&Prime;][vc_column_text]<div class='dt-sc-colored-box space'  style='background:#333334;' ><h5><span class='fa fa-puzzle-piece'> <\/span>INTEGRATION CLUB<\/h5><p>En partenariat avec la Base Nautique de Sciez, d\u00e9couvrez l\u2019aviron dans le cadre d\u2019une pratique de sport-sant\u00e9. Pratique conviviale seul et en groupe avec la possibilit\u00e9 de participer \u00e0 des randonn\u00e9es sur des fleuves ou des lacs.<\/p>\n<a href='https:\/\/www.jamesandco.org\/sport-sante\/aviron-sante\/' target='_self'  class='dt-sc-button   small    '><span  data-hover='Plus de d\u00e9tails'>Plus de d\u00e9tails<\/span><\/a><\/div>[\/vc_column_text][\/vc_column_inner][\/vc_row_inner][vc_row_inner][vc_column_inner][\/vc_column_inner][\/vc_row_inner][\/vc_tta_section][\/vc_tta_accordion][\/vc_column][\/vc_row][vc_row][vc_column][vc_column_text]<\/p>\n<div class=\"brz-root__container\"><\/div>\n<p>[\/vc_column_text][\/vc_column][\/vc_row]<\/p>\n<\/section>","protected":false},"excerpt":{"rendered":"<p>[vc_row][vc_column css=\u00a0\u00bb.vc_custom_1566463098979{margin-right: 10% !important;margin-left: 10% !important;}\u00a0\u00bb][vc_masonry_media_grid element_width=\u00a0\u00bb3&Prime; item=\u00a0\u00bbmediaGrid_FadeInWithIcon\u00a0\u00bb grid_id=\u00a0\u00bbvc_gid:1730216811869-19af9e4c-5490-8&Prime; include=\u00a0\u00bb433&Prime;][vc_column_text css_animation=\u00a0\u00bbbottom-to-top\u00a0\u00bb]L\u2019association James sport sant\u00e9\u00a0regroupe des professionnels de la sant\u00e9 et de l\u2019\u00e9ducation physique. James sport sant\u00e9\u00a0s\u2019adresse \u00e0 toutes les personnes souhaitant pratiquer une activit\u00e9 physique. Cette \u00e9quipe pluridisciplinaire a pour objectif : Notre association a pour objet de promouvoir la pratique physique comme moyen de [&hellip;]<\/p>\n","protected":false},"author":2,"featured_media":0,"parent":0,"menu_order":0,"comment_status":"closed","ping_status":"closed","template":"","meta":[],"_links":{"self":[{"href":"https:\/\/www.jamesandco.org\/sport-sante\/wp-json\/wp\/v2\/pages\/40"}],"collection":[{"href":"https:\/\/www.jamesandco.org\/sport-sante\/wp-json\/wp\/v2\/pages"}],"about":[{"href":"https:\/\/www.jamesandco.org\/sport-sante\/wp-json\/wp\/v2\/types\/page"}],"author":[{"embeddable":true,"href":"https:\/\/www.jamesandco.org\/sport-sante\/wp-json\/wp\/v2\/users\/2"}],"replies":[{"embeddable":true,"href":"https:\/\/www.jamesandco.org\/sport-sante\/wp-json\/wp\/v2\/comments?post=40"}],"version-history":[{"count":33,"href":"https:\/\/www.jamesandco.org\/sport-sante\/wp-json\/wp\/v2\/pages\/40\/revisions"}],"predecessor-version":[{"id":1234,"href":"https:\/\/www.jamesandco.org\/sport-sante\/wp-json\/wp\/v2\/pages\/40\/revisions\/1234"}],"wp:attachment":[{"href":"https:\/\/www.jamesandco.org\/sport-sante\/wp-json\/wp\/v2\/media?parent=40"}],"curies":[{"name":"wp","href":"https:\/\/api.w.org\/{rel}","templated":true}]}}